site number?
False
Suppose 14887 - 3511 = 18*f. Let w = f - -1025. Is w a composite number?
False
Suppose -t + 807 = -y, -6*t - 3*y + 3995 = -t. Suppose -10*s + t = -6168. Is s a composite number?
True
Is (-6)/(-11) - 62339435/(-1969) a composite number?
True
Suppose 10*f = 13*f - 15. Suppose f*b - 8*b + 4491 = 0. Is b prime?
False
Let r(c) = 112*c**2 + 18*c + 1119. Is r(38) composite?
True
Let i(r) = -2*r**2 - 6*r - 2. Let p be i(-2). Suppose 3*z - v - 5703 = -0*v, 0 = -4*z + p*v + 7604. Is z composite?
False
Suppose -212 = 89*c - 93*c. Suppose c*h = 40*h + 19643. Is h composite?
False
Let v = 392 - 913. Let c be (-106645)/(-99) + 4/(-18) - -1. Let p = v + c. Is p prime?
True
Let x(p) = -585*p - 14. Let q be x(4). Let w(z) = -z**3 + 13*z**2 + 24*z - 25. Let i be w(18). Let c = i - q. Is c composite?
True
Let l = 76402 - 44077. Let y = l - 22028. Is y a composite number?
True
Let s(o) = 9*o**3 - 4*o**2 + 5*o - 9. Let l be (6/(-4))/(3/(-8)). Let y be s(l). Suppose 4*k - 473 = y. Is k a composite number?
True
Suppose -4*b = -0*b - 160. Is (-1)/(8686/10870 + (-32)/b) a prime number?
True
Let o(a) = 3*a**3 - 5*a**2 + 14*a + 7. Let h(s) = 3*s + 90. Let w be h(-28). Is o(w) prime?
False
Let u be ((-25)/15)/((-5)/24). Suppose u*v = 40546 - 8658. Is v a prime number?
False
Suppose -3*v - 38 + 2 = 0. Suppose j + 5*n + 130 = -4*j, 0 = 5*j + 4*n + 126. Let d = v - j. Is d a prime number?
False
Let a = -244 - -243. Is (192/(-128))/(a/1574) a composite number?
True
Let b be 2*((1710/(-4))/9 + -4). Let j = b + 982. Is j composite?
True
Let g = -98 - -102. Suppose -3*v - 17934 = -g*w + 7933, 0 = -w - 4*v + 6481. Is w a composite number?
False
Suppose -11*t + 675 = 4*t. Is ((-129456)/t + -6)/(4/(-10)) a composite number?
False
Let x(l) = 138*l + 63. Let n(d) = 137*d + 62. Let s(y) = 5*n(y) - 4*x(y). Is s(7) composite?
True
Suppose 0 = 4*s - z - 15 - 19, 4*z + 8 = 0. Suppose 4*b - s*b + 216 = 0. Is 2/(-6) + 4530/b*6 a prime number?
True
Let g = 164 + -109. Let o = g + -48. Suppose -5*f = 5, 2*f - o*f = -5*q + 4860. Is q a composite number?
False
Suppose 0 = 2*i + 4*p - 107498 - 49484, 3*p - 78491 = -i. Is i a prime number?
False
Is (118893*(-14)/15)/((-34)/85) prime?
False
Let p(u) = -u**2 - 14*u - 29. Suppose -6*k - 58 = -2*k - 2*f, -2*k - 3*f = 9. Let b be p(k). Let r(q) = -15*q**3 - 10*q + 6. Is r(b) a composite number?
False
Let i be (-2)/6 - (168682/6 + -5). Let v = i + 43578. Is v a composite number?
True
Suppose d - 5*o - 42268 = 0, 4*o + 129319 = 5*d - 82147. Is d a prime number?
False
Let c = 52231 - 5376. Is c a composite number?
True
Is 109349370/234*(-1)/(-5) a composite number?
True
Let m(f) be the first derivative of f**3/3 - 4*f**2 + 3*f - 10. Let r be m(6). Is (3950/(-15) + 1)/(3/r) a composite number?
False
Suppose -5036 = 3*h - 6*h - 4*m, -5*h = 4*m - 8396. Suppose s - 8*s = -h. Suppose 2*b + 168 = 5*r - 149, -4*r + 5*b + s = 0. Is r composite?
True
Let p = -4 - -2. Let y(f) be the first derivative of -121*f**4/4 - f**3/3 - 3*f**2/2 - 5*f - 3536. Is y(p) composite?
True
Suppose -2*r = q - 27985, 12*q - r = 17*q - 139889. Is q a prime number?
False
Suppose -3*a - 2*t = 23, 3*a + 0*t + 26 = -5*t. Is (-1668)/(a + 6) + 1 a composite number?
False
Let n(k) = 939*k**3 + 3*k**2 + 14*k + 37. Is n(5) a prime number?
False
Suppose -7*p - 2268 = 1813. Let w be (-4414)/16 - 8/64. Let o = w - p. Is o a composite number?
False
Let n(u) = -u**3 - 3*u**2 - 12*u. Let w be (-1)/(-1 - 40/(-35)). Let y be n(w). Suppose -c - 1958 = -4*k, -k - 5*c = -199 - y. Is k prime?
False
Let r = -1146 - -4571. Let t = 5184 - r. Is t composite?
False
Let n(p) be the second derivative of 230*p**3/3 - p**2/2 - p + 49. Let m = -2 + 4. Is n(m) a composite number?
False
Suppose 4*a + 5*x - 159260 = 0, 3*a - 23167 = -4*x + 96278. Is a a prime number?
False
Suppose 5*u = 3*j - 3732173, 5*j - 144*u + 142*u = 6220339. Is j composite?
True
Let k(t) = -281*t**3 - t**2 - t. Let v(w) = -1406*w**3 - 6*w**2 - 5*w + 1. Let g(f) = -11*k(f) + 2*v(f). Let q be g(2). Is (q + 3 - -2)*2/2 a composite number?
False
Let l(d) = 86*d**2 + 3*d - 1. Let u be l(-4). Let p = -1679 - -2485. Let w = u - p. Is w prime?
True
Suppose -1253 = -2*o + 1415. Let n = o + 1227. Suppose 5*d = 2*l + n, 8*l - 4*l + 12 = 0. Is d a prime number?
False
Is (22/2 + 2264/(-32))*-542*2 a composite number?
True
Suppose 24*w = 25 + 47. Is ((-42576)/64)/(w/(-22))*2 a prime number?
False
Let s = -10 + 6. Let t(d) be the second derivative of -d**5/2 - 5*d**4/12 - d**3/3 - 15*d**2/2 - 4269*d. Is t(s) a composite number?
True
Let v(t) = -760*t**2 - 3*t - 26. Let o be v(-4). Is (78/4)/(8 + o/1524) a composite number?
True
Suppose -440 - 448 = 8*o. Is (-7912)/(-6) + (-37)/o a composite number?
False
Suppose 9 = -5*q - 6, u + 2*q - 4784 = 0. Suppose 2*r - 14512 = -u. Is r a prime number?
True
Let r(m) = -m**3 - 12*m**2 + 9*m - 34. Let b(y) = -y**3 - 13*y**2 + 8*y - 35. Let v(u) = 4*b(u) - 3*r(u). Let k be v(-17). Let p = 585 + k. Is p a prime number?
True
Suppose 51*h - 2140320 = -536931. Is h a composite number?
True
Let t be 67/(-1) + (5 - (2 - -3)). Let r = t + 65. Is (1 - r)/((-3)/(-541)) prime?
True
Let n = -637 - -652. Suppose 5*d + 40730 = n*d. Is d a prime number?
True
Let w(y) = 2*y**2 - 31*y + 31. Let s be w(20). Suppose d + j + j = -s, 5*j + 422 = -2*d. Let q = 989 + d. Is q a composite number?
True
Let o be (-4*1)/(9/(-72)). Suppose -8 = -2*w, -3*z + 2*z = -5*w - 46. Let j = z - o. Is j a composite number?
True
Let t(g) = -170*g**2 + 4*g - 50. Let r be t(7). Is (r + -2)/(-12 - -10) a composite number?
False
Let b = -271705 - -397635. Suppose 3*p + 11*p - b = 0. Suppose 7*r + p = 14*r. Is r prime?
False
Let w be ((-14508)/150)/((-3)/(-40))*5. Let k = 12837 + w. Is k composite?
False
Suppose 1183277 = 34*f + 24*f - 3670511. Is f composite?
True
Let j(c) = 34*c - 260. Let h be j(16). Let g = 4021 - h. Is g a prime number?
False
Let v = 59286 - -143761. Is v a composite number?
True
Let l(w) = 3*w**3 - w**2 - 5*w + 5. Let h be l(2). Suppose -5*f = -h, 3*r = 4*r - 3*f - 3634. Is r composite?
False
Let n = 576996 + -270117. Is n prime?
False
Suppose 0 = o - 33109 + 2306. Is o a composite number?
False
Let g(h) = -5*h**2 - 37*h + 9. Let w(c) = -16*c**2 - 110*c + 25. Let t(l) = -7*g(l) + 2*w(l). Is t(11) a prime number?
False
Let l = 97 - 99. Is (l/(-6))/((-7058)/7059 - -1) a composite number?
True
Suppose 54*f - 119420320 = 57150662. Is f composite?
True
Suppose -3*z + 4*a = -94, 4*z + a - 96 - 42 = 0. Is (818/18)/(z/306) prime?
True
Suppose -40 = 26*c - 31*c. Suppose -c = -f - 1. Is f/(-21) - (-1192)/3 prime?
True
Let k(p) = 1619*p**2 - 9*p + 25. Let z be k(3). Suppose 0 = 5*d + 4304 - z. Is d prime?
True
Let t(y) = 10737*y**2 - 71*y - 203. Is t(-3) composite?
False
Is 502/((36/(-1557))/(-2)) composite?
True
Suppose -5*n + 2*q + 1538 = 0, -2*n - q + 620 = -3*q. Let j be n/12*16/3. Let l = -93 + j. Is l a prime number?
True
Let n(x) = -22*x**3 - 24*x**2 - 17*x + 192. Is n(-15) a prime number?
False
Suppose 609819 = 6*l - 1323195. Is l a prime number?
True
Suppose -x + h + 0*h = 12, 3*x + 11 = -2*h. Is (21457/(-301))/(1/x) a prime number?
True
Let n(x) = x**3 - 2*x**2 - 2*x + 1. Let c be n(0). Is c/((-6058)/1010 + 6) prime?
False
Suppose p - 3*j - 8891 = j, 5*j = 4*p - 35597. Is p a prime number?
False
Let n be (-8)/(-8) - (-1 + -3). Suppose 8*k - 9*k + n = f, -2*f = 3*k - 10. Suppose -f*i + 3595 = -1840. Is i a prime number?
True
Let c = 1099 - -1647. Let u be 12/(-12) + 2 + c/(-1). Let t = -791 - u. Is t composite?
True
Let z(a) = a**3 - 27*a**2 - 3*a + 37 + 22*a**2 + 0*a**2. Is z(6) prime?
False
Let q = -34 - -38. Suppose 0 = q*o - o - 168. Is o/24*1*1293 prime?
False
Let w(h) = -h**3 + 2*h**2 - 5. Let n be w(0). Let s be (-4)/20 + 44014/n. Is (-2)/(-15) - s/15 a composite number?
False
Is (0 - 212026/10)/(((-1378)/260)/53) composite?
True
Is ((-131601)/6 + -23)*(1 - 3) a prime number?
True
Let j(q) = 5*q - 20. Let t be j(4). Suppose l - 2197 - 3302 = t. Suppose 8*g - l = -g. Is g a prime number?
False
Let i(n) = -2395*n + 6577. Is i(-124) prime?
False
Suppose -2*q = -2*j - 3444, 5*q + 3*j - 5148 = 2*q. Suppose z - 2*z + q = 0. Let i = z - -128. Is i prime?
True
Let f = -762694 - -1593989. Is f a composite number?
True
Let 